 u**3 + 81*u**2 + 582*u - 61. Calculate the remainder when 737 is divided by d(-73).
57
Let s = 697 + -585. Suppose 2*l - 5*r - 31 = 0, 3 = -3*r - 0*r. Calculate the remainder when s is divided by l.
8
Let x = 47 - 44. Suppose k + 4*u - 366 = 0, x*k = -0*u - 2*u + 1078. What is the remainder when k is divided by 60?
58
Let m(p) = -p**2 - 29*p + 667. What is the remainder when 1820 is divided by m(-42)?
5
Suppose 0 = -4*q - 3*h + 92, -5*q + 110 = -53*h + 58*h. Let a(r) = -17*r + 24. What is the remainder when a(-6) is divided by q?
22
Let c(u) = u - 9. Let h(o) = 3*o - 37. Let i be h(15). Let r be c(i). What is the remainder when 101 is divided by 13 + 1 + (2 - r)?
16
Suppose 2*h + 356 = 364. Calculate the remainder when 279 is divided by (-6)/((14/(-21))/(h/6)).
3
Suppose -14*b + 6*b + 24553 = 35*b. What is the remainder when b is divided by 146?
133
Suppose 2*k - 34362 = -0*k - 136*k. Calculate the remainder when 463 is divided by k.
214
Suppose -331*n = -296*n - 4130. Calculate the remainder when n is divided by 66.
52
Suppose 3*j - 48 = -4*k + 30, 3*j + 27 = k. Let z(m) = -2*m + k*m - 28 - 13*m. Calculate the remainder when 25 is divided by z(7).
11
Suppose 48*m = 63*m - 40*m + 5300. What is the remainder when 673 is divided by m?
37
Calculate the remainder when 32/18 + (-8)/(-36) + 169 + 0 is divided by 27.
9
What is the remainder when 187 is divided by ((-276)/30 - 4)/((-8)/20)?
22
Let d be (-6)/3 - 10/2. Let n be (1540/5)/d - 6/2. Let m = 101 + n. What is the remainder when m is divided by 19?
16
Suppose 0 = -4*n - 8*n - 4896. Calculate the remainder when 82 + 8 + -4 + 0 is divided by -3 + (2/1)/((-17)/n).
41
Suppose 187*x + 2402 = 4*h + 188*x, 0 = 3*h + 2*x - 1804. What is the remainder when h is divided by 88?
72
Let h be (-3)/(-3 - (37/(-10) + 1)). Let r = -43 + 60. Calculate the remainder when r is divided by 4 - h/(-5) - -2.
1
Suppose 3*q = -5*v + 287, q - 124 + 15 = -5*v. What is the remainder when 796 is divided by q?
84
Let q(n) = n**2 - 3*n - 225. What is the remainder when (-3)/2 + (-212)/(-8) is divided by q(17)?
12
Let n = -36047 - -36501. What is the remainder when n is divided by 12?
10
Calculate the remainder when 544 is divided by (-1893)/(-12) + 8*(-8)/(-256).
70
Let x(f) = f**3 + 21*f**2 + 30*f + 34. Let i be x(-17). Calculate the remainder when (-72)/(-324) - i/(-18) is divided by 8.
6
Suppose -16*c = 4*c - 9740. Let w = 3110 + -3102. What is the remainder when c is divided by w?
7
Let p(u) = 7*u**2 - 8*u - 15. Let z be p(-2). Suppose z + 75 = 8*s. What is the remainder when 153 is divided by s?
10
Let l = -13 + 29. Suppose 0 = -9*i + 34 + 236. Suppose i*c + 1197 = 49*c. What is the remainder when c is divided by l?
15
Suppose 1736 = 70*k - 20734. Calculate the remainder when k is divided by 103.
12
Let z(s) = 128*s - 904. Let w be z(7). Suppose 5*r - 475 = -45. What is the remainder when 27 is divided by -1*(-6)/(-8) - r/w?
7
Suppose -51*o + 1104 = 696. Let z = -534 - -827. What is the remainder when z is divided by o?
5
Suppose 3*d + 4*c = 18 + 16, d = c + 23. Let u = -15 + 20. Suppose -u*n + 113 = -507. Calculate the remainder when n is divided by d.
16
Let t = 1237 - 1212. Calculate the remainder when 436 is divided by t.
11
Suppose -19150*j + 19151*j - 32758 = 0. Calculate the remainder when j is divided by 21.
19
Suppose 0 = o + 5*g - 35, -175 = 3*o - 8*o - 2*g. Let u = 22 - 19. Calculate the remainder when (-4)/(-10) + (3108/10)/u is divided by o.
34
Let d be 1/(-4*(-2)/32). Let p be 951/9 - d/6. Suppose 35 = r + k, 0*r = 3*r + 4*k - p. Calculate the remainder when 104 is divided by r.
34
Suppose 5*w - 5*l - 165 = 0, -72*w + 2*l = -67*w - 171. What is the remainder when 1500 is divided by w?
30
Suppose -j = 2*s - 2, 8*s - 12 = 5*s. What is the remainder when 2*j/20 + (-55421)/(-785) is divided by 12?
10
Let l = 92 - -210. Suppose 0 = -10*x - 6*x + 352. Calculate the remainder when l is divided by x.
16
Suppose -4*f = -4*i + 95 + 201, -5*f + 332 = 4*i. Let s be i/(-10) + 1/(-5). Let k = s + 16. What is the remainder when 29 is divided by k?
5
Suppose -26*p + 28*p = 10. Suppose p*l - 65 = -5*c, 0 = 3*c - 2*l - l - 33. What is the remainder when 19 is divided by c?
7
Suppose -2*o - 5 - 15 = 0. Let x = o + 18. Suppose 1216 = 2*c + 2*p + 1196, -2*p - 58 = -4*c. What is the remainder when c is divided by x?
5
Suppose -18*g = 87*g + 48*g + 75*g - 28272. Suppose 5*i = -5*c + 100, -3*c + 62 = -i + 10. What is the remainder when g is divided by c?
16
Suppose 23*w - 670 = 22*w. Let m(k) = 3*k**3 - 31*k**2 + 13*k - 19. Calculate the remainder when w is divided by m(10).
10
Let l = 18 + 456. Suppose l + 38 = 8*y. Calculate the remainder when y is divided by 22.
20
Let p = 10914 - 10770. Let n(o) = -o + 38. Calculate the remainder when p is divided by n(0).
30
Let p = -384 - -570. What is the remainder when p/8 + (-7)/28 is divided by 13?
10
Suppose -5*j - 89 = i - 17, -5*i - 80 = 5*j. What is the remainder when (-354)/(-4) + j/28 is divided by 15?
13
Let r(o) = -o + 13. Let n be r(9). Suppose 0 = 5*a + 2*x - 930, 0 = -n*a + 2*a + 2*x + 358. Calculate the remainder when a is divided by 38.
32
Suppose -4*a = a, 4*z - 120 = 3*a. Suppose -3*l + 752 = 5*t, 2*l + 3*t = -2*l + 988. Let v = -233 + l. What is the remainder when z is divided by v?
8
Let f = 8 + 8. Calculate the remainder when f/(-28) - (-2015)/35 is divided by -5*3*(0 + -1).
12
Suppose -26*t + 28*t = 302. Suppose -3*n + 8*n - 2*o - 748 = 0, n - t = -o. What is the remainder when n is divided by 41?
27
Let j(b) = -b**3 + 92. Let y(n) = -200*n - 2188. Calculate the remainder when j(0) is divided by y(-11).
8
Let s = 119 - 210. Let g = -19 - s. Suppose 2*v + 2*h = v + 21, 3*v = -3*h + 69. Calculate the remainder when g is divided by v.
22
Suppose 4*w - 95 = 5*z - 2*z, 4*w - 92 = 4*z. Let q = 397 - 269. Calculate the remainder when q is divided by w.
24
Suppose 4*b = i - 331, -326*i - 4*b - 3058 = -336*i. Calculate the remainder when 758 is divided by i.
152
Suppose -w + 10259 = -3*s, 5*w - 73142 + 21911 = -s. What is the remainder when w is divided by 21?
20
Let r(y) = -y + 4 - y + 0 + y. Let a = 73 + -86. What is the remainder when 47 is divided by r(a)?
13
Let g(q) = -q**3 - 25*q**2 + 183*q - 135. What is the remainder when g(-32) is divided by 29?
17
Suppose 90 = 3*b - 6. Suppose 5 = p + 3*i, p - i = 9 - 4. Suppose -10 = p*k, 4*j - 9 - 51 = -4*k. What is the remainder when b is divided by j?
15
Let d = -116 - -110. Let w be (-268)/d - 32/48. Suppose 3*q - w = 22. Calculate the remainder when 107 is divided by q.
19
Suppose -4*u = -16, -4*i = -5*u - 1030 + 446. What is the remainder when i is divided by 21?
4
Let g(p) = 2*p**3 - 65*p**2 - 34*p + 35. Let w be g(33). Suppose -w*s = -u - 74, 2*s - 7*s + 185 = 5*u. What is the remainder when s is divided by 21?
16
Suppose -b - 3*m + 29890 = 10867, 0 = -3*b - 4*m + 57029. Calculate the remainder when b is divided by 25.
24
Let m = -335 - -344. What is the remainder when (-870)/(-20)*12/m is divided by 2?
0
Suppose 85 + 14 = 3*d + 2*v, 4*d - 109 = 5*v. What is the remainder when 3064 is divided by d?
26
Let h(p) = -3*p + 5*p - 8*p - 36 - 2*p. Let a be h(-5). Suppose a*w = 213 + 11. What is the remainder when w is divided by 16?
8
Let f = 34 + -30. Suppose 4*r + 3*d = -12, -f*r + 0*d + 8 = -2*d. Let c(u) = -3*u + 9. What is the remainder when 24 is divided by c(r)?
6
Let k = 3499 - 3492. What is the remainder when 34 is divided by k?
6
Suppose 24*l = -319 + 4975. Calculate the remainder when l is divided by 83.
28
Suppose 45*d - 960 = 1785. Suppose r - 3*z = 18, -2*r + 84 = r - 3*z. Let a = r + -10. What is the remainder when d is divided by a?
15
Let p = -2861 - -2978. What is the remainder when 2689 is divided by p?
115
Let y = -48 - -53. Suppose 155 = 5*p - 5*j, -y*j + 0*j + 69 = 3*p. Calculate the remainder when p + (16/24)/(4/6) is divided by 10.
9
Let f = -7 - 68. Let a be (-319)/11*1/1. Let d = a - f. Calculate the remainder when d is divided by 7.
4
Suppose 572 + 184 = 6*b. Calculate the remainder when b is divided by 20.
6
Let z(o) = 367*o + 748. Suppose -4*x + 252 = -820. What is the remainder when (x/(-8))/(2/(-4)) is divided by z(-2)?
11
Let f = 10184 - 10004. What is the remainder when 705 is divided by f?
1